ulate r(-14).
18
Let a(b) = b - 10. Give a(-3).
-13
Let s(z) = 3*z**2 + 56*z - 147. Calculate s(-21).
0
Let b(a) = a - 3. What is b(3)?
0
Let x(f) = 4*f - 24. Determine x(7).
4
Let t(v) = -v**3 + 5*v**2 + 13*v + 10. What is t(7)?
3
Let w(b) = -b**3 - 2*b**2 + b - 1. Determine w(0).
-1
Let g(f) = -3*f**2 - 5*f + 20. What is g(-7)?
-92
Let a(n) = -46*n + 177. Calculate a(4).
-7
Let s(v) = -v**3 + v**2 + 86*v - 121. What is s(9)?
5
Let j(x) = -5*x - 1. Determine j(-1).
4
Let g(m) = 2*m**2 - 2*m + 1. What is g(-2)?
13
Let y(u) = -u**3 + 8*u**2 + 19*u - 7. What is y(10)?
-17
Let k(y) = -y**2 - 31*y - 56. Give k(-24).
112
Let z(l) = -l**3 + l**2 - 4*l + 3. Determine z(2).
-9
Let g(a) = 10*a + 46. Give g(-7).
-24
Let y(i) = -69*i. Determine y(-1).
69
Let z(k) = 2*k + 8. Give z(-6).
-4
Let c(t) = -8*t - 55. Determine c(-8).
9
Let d(a) = -a**3 - 15*a**2 - 15*a - 14. Give d(-14).
0
Let t(z) = -z**3 - 6*z**2 + 12*z + 13. Determine t(-8).
45
Let o(p) = p**3 - 8*p**2 + 18*p - 6. Calculate o(4).
2
Let m(q) = -5*q**2 + 8*q + 4. What is m(-5)?
-161
Let q(a) = 22*a + 145. Calculate q(-6).
13
Let a(l) = 4*l - 4. Determine a(6).
20
Let o(x) = 2*x**3 - 19*x**2 - 3*x - 11. Calculate o(10).
59
Let m(s) = s**3 + 2*s**2 - 2*s + 4. Calculate m(-3).
1
Let j(r) = -8*r**2 - 3*r - 10. What is j(-3)?
-73
Let o(i) = i**2 + 2*i. Determine o(-2).
0
Let n(j) = -37*j + 132. Give n(3).
21
Let j(d) = -24*d - 4. Give j(1).
-28
Let c(t) = 4*t + 9. What is c(-6)?
-15
Let v(q) = 30*q - 95. Determine v(4).
25
Let y(x) = x + 3. What is y(3)?
6
Let o(p) = 4*p**2 + 4*p + 17. Determine o(-3).
41
Let q(s) = -s**3 + 4*s**2 - 2*s + 5. Give q(4).
-3
Let n(x) = 5*x + 5. What is n(-5)?
-20
Let w(m) = -m**2 + 16*m - 30. Calculate w(14).
-2
Let x(s) = -s**3 - 8*s**2 - 5*s - 6. Give x(-7).
-20
Let l(r) = 5*r**2 - r + 2. Give l(-2).
24
Let k(t) = -27*t + 39. Determine k(11).
-258
Let k(g) = 3*g**2 - 4. What is k(-3)?
23
Let z(s) = s**2 + 15*s - 12. What is z(-14)?
-26
Let o(p) = 2*p**3 + 47*p**2 + 22*p - 12. What is o(-23)?
11
Let u(z) = 4*z**2 - 47*z + 24. What is u(11)?
-9
Let l(p) = -2*p**2 - 34*p + 34. What is l(-16)?
66
Let v(j) = 8*j - 177. What is v(23)?
7
Let z(v) = v**3 - 6*v**2 - v - 3. Give z(6).
-9
Let i(z) = -z - 4. What is i(3)?
-7
Let x(a) = -a**2 - 13*a + 58. Give x(-17).
-10
Let m(b) = 9*b**2 + b + 2. Determine m(2).
40
Let f(x) = -9*x**2 + 2*x + 1. Calculate f(-2).
-39
Let c(y) = -y**3 - 11*y**2 + 12*y + 7. Calculate c(-12).
7
Let m(t) = 16*t**2 + 2*t + 1. What is m(-1)?
15
Let w(p) = -6*p + 18. Determine w(2).
6
Let o(j) = j**3 - 2*j - 2. What is o(2)?
2
Let r(n) = -n**2 - 9*n - 1. What is r(-6)?
17
Let x(t) = -2*t**2 - 2*t + 3. Determine x(-4).
-21
Let a(o) = o**2 - 12*o - 3. Calculate a(12).
-3
Let h(v) = 3*v - 42. What is h(9)?
-15
Let i(n) = 2*n**2 - 13*n - 8. Determine i(7).
-1
Let j(u) = u**2 + 15*u + 36. Give j(-14).
22
Let n(p) = -p - 7. Determine n(-9).
2
Let a(o) = o**3 + 2*o**2 + o + 2. Calculate a(-2).
0
Let y(b) = -b**2 - 15*b + 4. Give y(-15).
4
Let z(b) = b**3 - 3*b**2 - 10*b - 13. Give z(-2).
-13
Let u(f) = -2*f**2 - 3*f + 19. Determine u(-3).
10
Let i(o) = o**3 - 24*o**2 + 42*o + 26. What is i(22)?
-18
Let f(m) = m**2 - 4*m + 10. What is f(8)?
42
Let k(c) = c**3 - 6*c**2 - c - 7. Determine k(6).
-13
Let o(f) = -f + 2. What is o(3)?
-1
Let f(i) = i**3 + i**2 - 8*i + 3. Give f(-6).
-129
Let r(u) = -u**2 + 25*u + 161. What is r(-5)?
11
Let h(k) = -14*k + 32. Determine h(8).
-80
Let h(c) = c**3 + 6*c**2 - 3*c - 3. Calculate h(-7).
-31
Let j(p) = -2*p**2 - 5*p - 7. Calculate j(-3).
-10
Let n(c) = c. Determine n(-8).
-8
Let m(c) = -2*c - 1. What is m(-2)?
3
Let z(u) = 39*u - 218. What is z(6)?
16
Let j(i) = 2*i - 6. Determine j(10).
14
Let d(g) = 2*g**2 + 4*g + 3. What is d(-2)?
3
Let l(i) = 5*i**3 + 3*i**2 - 7*i + 4. Give l(1).
5
Let c(m) = -m**3 + 13*m**2 + 14*m + 4. Calculate c(14).
4
Let o(r) = -3*r + 2. Determine o(13).
-37
Let h(z) = z**2 + 16*z - 58. Calculate h(-20).
22
Let a(m) = 2*m**2 + 2*m - 9. Give a(4).
31
Let f(x) = 4*x**2 + 57*x + 28. Calculate f(-14).
14
Let r(t) = 8*t**2 - 3*t. Determine r(2).
26
Let o(t) = 2*t**2 - 3*t - 4. Determine o(5).
31
Let r(k) = 3*k**2 + 66*k - 25. Give r(-22).
-25
Let x(t) = t**3 + 79*t**2 - 4*t - 314. Determine x(-79).
2
Let g(c) = -c**2 - 22*c + 7. Calculate g(-18).
79
Let o(b) = -b**2 + 15*b - 26. Determine o(2).
0
Let f(w) = -w**3 + 7*w**2 - 8*w - 5. Determine f(6).
-17
Let n(a) = -a**3 + 7*a**2 + 11*a - 12. Determine n(8).
12
Let f(j) = j - 1. Determine f(-3).
-4
Let v(o) = -4*o**2 - o + 2. Give v(3).
-37
Let n(p) = p**2 + 7*p - 9. Calculate n(-7).
-9
Let t(q) = 4*q**2 + 2*q. Determine t(-2).
12
Let x(j) = -12*j**2 - 2*j - 3. Determine x(-2).
-47
Let r(l) = l**2 - 14*l - 37. Give r(10).
-77
Let j(k) = -7*k**3 + 50*k**2 - 6*k - 11. Calculate j(7).
-4
Let t(i) = -2*i**3 + 15*i**2 - 8*i + 1. Calculate t(7).
-6
Let o(h) = h**3 + 32*h**2 + 90*h + 97. What is o(-29)?
10
Let m(k) = k**2 + 16*k + 63. What is m(-8)?
-1
Let u(z) = 2*z + 22. Determine u(-13).
-4
Let p(a) = -a**2 + 3*a + 383. Give p(-18).
5
Let t(s) = -s**2 + 7*s + 130. Calculate t(16).
-14
Let m(s) = 6*s**3 - 4*s**2 + 4*s - 3. Give m(2).
37
Let d(o) = 7*o + 60. Give d(-8).
4
Let g(o) = 2*o + 41. Give g(-17).
7
Let s(h) = h**2 - 3*h + 4. Calculate s(5).
14
Let p(h) = h**3 + 8*h**2 + 5*h - 7. Determine p(-6).
35
Let p(n) = n**2 - 6*n - 23. Determine p(-10).
137
Let g(b) = -b**2 + 60*b + 468. Determine g(-7).
-1
Let d(q) = -5*q**2 - 2*q - 2. Give d(-1).
-5
Let m(n) = n**2 - 11*n + 3. Calculate m(10).
-7
Let i(f) = -f**2 - 3*f + 39. Determine i(-12).
-69
Let a(m) = -2*m**2 - 137*m + 213. Give a(-70).
3
Let d(a) = a**2 + 14*a - 14. Determine d(-14).
-14
Let u(v) = -2*v**3 - 67*v**2 - 96*v - 20. Determine u(-32).
-20
Let z(c) = c**3 + 15*c**2 + 28*c + 1. What is z(-13)?
-25
Let r(z) = -z**3 + 15*z**2 - 50*z - 2. Calculate r(5).
-2
Let l(v) = v**3 - 7*v**2 - 7*v + 6. Give l(8).
14
Let a(g) = 2*g**2 - 4*g + 4. Give a(5).
34
Let l(d) = 200*d + 1. Give l(-1).
-199
Let l(y) = y**2 + 2*y - 2. Determine l(-2).
-2
Let a(k) = -4*k - 2. Determine a(-2).
6
Let h(z) = z**2 - 20*z - 17. Calculate h(21).
4
Let y(b) = b**3 - 29*b**2 - 31*b + 39. Give y(30).
9
Let q(d) = 3*d + 4. What is q(-5)?
-11
Let z(h) = -h**3 + 20*h**2 + 21*h - 24. Determine z(21).
-24
Let v(b) = -b**3 + 9*b**2 + 13*b - 6. Give v(10).
24
Let m(o) = -10*o**2 - 3. Give m(-2).
-43
Let d(f) = -2*f + 2. Calculate d(-9).
20
Let m(n) = 2*n + 5. Calculate m(2).
9
Let v(h) = -h - 35. Give v(0).
-35
Let l(r) = -8*r + 12. Calculate l(1).
4
Let f(u) = 27*u. Calculate f(-1).
-27
Let g(w) = w**2 + 11*w - 20. Determine g(-12).
-8
Let q(i) = 13*i + 46. What is q(-5)?
-19
Let h(s) = -4*s - 9. Give h(-1).
-5
Let y(r) = 4*r**3 - 61*r**2 - 50*r + 30. Calculate y(16).
-2
Let n(d) = 70*d - 702. Calculate n(10).
-2
Let y(x) = x**3 - 4*x**2 + 3*x - 4. What is y(3)?
-4
Let y(q) = -q**2 - 5*q - 1. Determine y(-6).
-7
Let b(h) = 8*h**2 + 2*h - 13. Give b(4).
123
Let a(o) = o**3 + 8*o**2 - 9*o - 9. Give a(-9).
-9
Let d(p) = 3*p - 73. Calculate d(20).
-13
Let u(x) = x. Calculate u(16).
16
Let c(u) = -u**3 - 5*u**2 + 6. Give c(-3).
-12
Let c(x) = -x - 4. Give c(0).
-4
Let m(q) = -4*q + 24. Calculate m(0).
24
Let a(u) = 13*u + 1. Give a(1).
14
Let w(z) = 2*z**2 - 6*z - 18. Determine w(5).
2
Let f(g) = -5*g - 16. Determine f(-5).
9
Let d(c) = c**3 - 4*c**2 - 120*c - 37. Calculate d(-9).
-10
Let m(t) = -2*t + 17. Give m(12).
-7
Let p(a) = a**3 - 3*a**2 - 3*a - 3. What is p(4)?
1
Let c(t) = -t**3 - 6*t**2 + t + 5. Calculate c(-5).
-25
Let p(v) = -7*v + 74. Give p(24).
-94
Let l(w) = -w**2 - 7*w - 4. Determine l(-6).
2
Let z(h) = h**2 + 25*h + 46. Determine z(-23).
0
Let n(d) = 2*d**2 - d - 6. Calculate n(5).
39
Let q(c) = -c**2 - 9*c - 4. Give q(-4).
16
Let y(v) = -2*v**2 + 17*v - 30. Calculate y(4).
6
Let x(b) = 2*b - 8. Determine x(9).
10
Let n(m) = m**3 - 21*m**2 - m + 24. Determine n(21).
3
Let f(a) = -4*a**3 - 2*a**2 + 3*a - 1. What is f(1)?
-4
Let z(w) = -60*w**3 + 2*w. Give z(-1).
58
Let r(h) = -54*h + 265. Give r(5).
-5
Let n(m) = -m + 6. What is n(4)?
2
Let l(g) = -g**3 - 10*g**2 - 20*g - 20. Give l(-8).
12
Let f(c) = -c**3 + 7*c**2 + 19*c + 4. Give f(9).
13
Let f(n) = 22*n**2 - n - 2. Determine f(-1).
21
Let w(g) = g**2 + 5*g - 3. 